mposite number?
True
Is 2236969 prime?
False
Is 3186347 composite?
False
Is 7007453 a prime number?
False
Is 2339879 a composite number?
False
Is 19581802 a composite number?
True
Is 6969791 prime?
True
Is 136714727 a prime number?
True
Is 98654293 a prime number?
False
Is 189235 prime?
False
Is 4502783 a prime number?
True
Is 14839667 a prime number?
False
Is 118511891 a prime number?
True
Is 4620461 composite?
True
Is 6077557 a composite number?
False
Is 13581973 a composite number?
False
Is 10390243 composite?
True
Is 24534259 a prime number?
True
Is 1353107 a prime number?
False
Is 11525567 a composite number?
True
Is 11914697 composite?
True
Is 3310507 composite?
False
Is 281042309 a prime number?
True
Is 952057 composite?
False
Is 5255033 prime?
False
Is 83008507 a prime number?
True
Is 7258661 a prime number?
True
Is 4626113 composite?
False
Is 57738039 a prime number?
False
Is 7219327 prime?
True
Is 27934207 a prime number?
False
Is 1355399 a prime number?
True
Is 7587121 a prime number?
True
Is 82740001 prime?
True
Is 579115733 a composite number?
True
Is 2128723 prime?
False
Is 50402153 a composite number?
True
Is 21995387 prime?
True
Is 4137437 composite?
False
Is 1791761 prime?
False
Is 9174077 a composite number?
True
Is 7461353 a prime number?
True
Is 16875605 a prime number?
False
Is 314550763 composite?
False
Is 148332473 a composite number?
True
Is 6234803 a prime number?
True
Is 1191233 prime?
False
Is 41111657 composite?
False
Is 2591839 prime?
True
Is 4969267 a prime number?
True
Is 98621 a composite number?
False
Is 455716007 prime?
False
Is 1654397 prime?
True
Is 3372689 a prime number?
True
Is 27585697 composite?
False
Is 291437 a composite number?
False
Is 82436797 a prime number?
True
Is 13737533 composite?
False
Is 2646733 a composite number?
False
Is 55130557 composite?
False
Is 84034217 a prime number?
True
Is 17748559 prime?
True
Is 1164455 a prime number?
False
Is 13879991 a prime number?
False
Is 15169633 prime?
False
Is 4456115 composite?
True
Is 1913147 composite?
False
Is 3999271 composite?
True
Is 486853 a prime number?
False
Is 2631241 a composite number?
False
Is 23139407 a composite number?
False
Is 66505973 prime?
False
Is 119810114 prime?
False
Is 86189 prime?
False
Is 38790509 a composite number?
False
Is 52549813 prime?
True
Is 226189101 prime?
False
Is 95509 a prime number?
False
Is 60371237 prime?
False
Is 26476097 composite?
True
Is 167359721 composite?
False
Is 110689031 a prime number?
False
Is 382935629 a prime number?
True
Is 205244969 composite?
False
Is 8857174 prime?
False
Is 444401 a composite number?
False
Is 10353329 a composite number?
True
Is 9169921 a prime number?
True
Is 69699419 composite?
True
Is 37808053 a prime number?
True
Is 10958977 prime?
True
Is 301799438 composite?
True
Is 120403943 composite?
True
Is 18862409 composite?
False
Is 11908913 a composite number?
False
Is 22833439 composite?
False
Is 4662613 a composite number?
True
Is 15356527 prime?
True
Is 37018199 prime?
True
Is 107797349 prime?
False
Is 3293027 a composite number?
True
Is 2471621 a composite number?
False
Is 3528127 composite?
False
Is 3297641 a composite number?
True
Is 5291563 prime?
True
Is 94772465 a composite number?
True
Is 9465271 a composite number?
False
Is 688334 a prime number?
False
Is 32289067 composite?
False
Is 8461 a composite number?
False
Is 3247889 composite?
False
Is 1897583 prime?
True
Is 721915 a composite number?
True
Is 7056067 a composite number?
False
Is 24733337 a prime number?
False
Is 11246603 prime?
True
Is 52464634 a composite number?
True
Is 5637031 prime?
True
Is 8552471 a composite number?
False
Is 331302359 a composite number?
False
Is 4001929 prime?
False
Is 9189861 a composite number?
True
Is 115536653 composite?
False
Is 13850549 a prime number?
True
Is 559558 prime?
False
Is 12962933 composite?
False
Is 58575739 prime?
True
Is 46265789 a composite number?
True
Is 3578053 a composite number?
False
Is 5052189 prime?
False
Is 540967409 a prime number?
False
Is 58695013 composite?
True
Is 8815751 a prime number?
False
Is 983173 a prime number?
True
Is 28093017 a composite number?
True
Is 290083 a composite number?
False
Is 45303527 prime?
False
Is 5246249 prime?
True
Is 25632851 a composite number?
True
Is 258499 composite?
False
Is 6385117 a composite number?
False
Is 154143399 a composite number?
True
Is 3389219 a prime number?
True
Is 5059919 a composite number?
False
Is 6401959 a prime number?
True
Is 129820811 prime?
False
Is 23028539 prime?
False
Is 6321121 a prime number?
True
Is 2512381 prime?
False
Is 231107861 a prime number?
True
Is 3900859 a prime number?
False
Is 9194527 prime?
True
Is 5772791 prime?
False
Is 11402933 prime?
True
Is 92491309 composite?
True
Is 5042339 prime?
False
Is 6318461 prime?
False
Is 50100409 composite?
False
Is 2109727 composite?
False
Is 12314293 a composite number?
False
Is 30910963 prime?
True
Is 2334223 a prime number?
True
Is 1386433 a composite number?
True
Is 670057 a composite number?
True
Is 19896673 composite?
True
Is 1734391 a composite number?
True
Is 25736639 a prime number?
True
Is 242531221 composite?
False
Is 37993687 composite?
False
Is 250003469 a composite number?
False
Is 52266407 a composite number?
True
Is 4009237 prime?
True
Is 30679409 prime?
True
Is 1361677 a prime number?
True
Is 5136653 a prime number?
False
Is 679354933 composite?
True
Is 955979 a composite number?
True
Is 118292263 composite?
True
Is 58400297 a prime number?
True
Is 63241 a prime number?
True
Is 7636169 a prime number?
False
Is 464711047 prime?
True
Is 32509283 a composite number?
True
Is 981241 a prime number?
True
Is 23305047 a prime number?
False
Is 736493 prime?
False
Is 533959 a prime number?
True
Is 1909741 a composite number?
False
Is 6856295 prime?
False
Is 9098513 a composite number?
False
Is 11151817 prime?
True
Is 7459979 composite?
True
Is 78777793 composite?
False
Is 36345979 a composite number?
True
Is 75325463 a prime number?
False
Is 2869049 a composite number?
True
Is 8835163 a composite number?
False
Is 15693547 a prime number?
False
Is 85240473 a composite number?
True
Is 1036787 prime?
True
Is 8391613 composite?
True
Is 3785527 a prime number?
True
Is 24836299 prime?
True
Is 50315245 composite?
True
Is 812963 composite?
False
Is 26834591 composite?
True
Is 27086099 a prime number?
True
Is 32839463 a prime number?
True
Is 2307241 composite?
True
Is 26536123 prime?
True
Is 2604367 a composite number?
True
Is 4982707 a prime number?
True
Is 429169 composite?
True
Is 26412937 a composite number?
False
Is 1086247 a prime number?
True
Is 4110983 a prime number?
True
Is 14322317 a composite number?
True
Is 4344871 prime?
True
Is 5129731 a composite number?
False
Is 968501 a prime number?
True
Is 4839829 prime?
False
Is 10664147 a prime number?
False
Is 32104027 a composite number?
False
Is 32960581 prime?
True
Is 443047 prime?
False
Is 60247311 composite?
True
Is 12439 prime?
False
Is 2729017 prime?
True
Is 41293163 a prime number?
True
Is 3856443 a composite number?
True
Is 8538839 a composite number?
False
Is 264904333 a prime number?
True
Is 5179189 a composite number?
True
Is 1520927 composite?
True
Is 24534429 a prime number?
False
Is 2387167 composite?
False
Is 4266943 prime?
True
Is 19025933 prime?
False
Is 20102073 composite?
True
Is 868993 a composite number?
False
Is 300061261 a composite number?
True
Is 193277057 a composite number?
False
Is 555659177 prime?
True
Is 112762337 prime?
True
Is 3271031 composite?
False
Is 2238161 a prime number?
True
Is 1080863 a composite number?
True
Is 1632749 prime?
True
Is 100317979 a composite number?
False
Is 58911901 composite?
True
Is 1250647 prime?
True
Is 128341139 prime?
False
Is 22500147 a composite number?
True
Is 2042581 prime?
True
Is 8723801 a prime number?
False
Is 36837883 composite?
True
Is 9199193 a composite number?
True
Is 481261481 composite?
False
Is 1397437 prime?
True
Is 16457891 prime?
True
Is 414447559 composite?
False
Is 62272669 prime?
False
Is 6995497 composite?
False
Is 399677 a composite number?
False
Is 2715893 a prime number?
True
Is 4162211 a composite number?
False
Is 1133039 prime?
True
Is 42279073 a prime number?
False
Is 1116501 prime?
False
I